Calculate g(87).
7
Let w(o) = -2*o**3 + 95*o**2 - 60*o - 197. Give w(47).
-808
Let r(n) = -n**2 - 49934*n - 449444. What is r(-9)?
-119
Let f(g) = g**3 + 24*g**2 - 7247*g - 359. Give f(74).
11
Let w(g) = 130*g + 15297. What is w(-117)?
87
Let p(g) = -387*g + 1097. Determine p(10).
-2773
Let w(p) = 8*p**3 - 26*p**2 + 111*p + 2. What is w(4)?
542
Let u(z) = z**3 - 131*z**2 + 2962*z - 82. Determine u(29).
34
Let r(t) = 1913*t - 244846. What is r(128)?
18
Let q(f) = -316*f - 9331. What is q(-29)?
-167
Let a(p) = -69*p**2 - 5337*p + 16622. Determine a(3).
-10
Let z(t) = -7542*t**2 + 37697*t - 19. Determine z(5).
-84
Let c(p) = 233*p**3 + 428*p**2 - 8*p - 17. What is c(-2)?
-153
Let q(j) = -j**2 - 199*j + 1265. What is q(6)?
35
Let p(v) = 176*v**2 - 986*v - 429. Give p(6).
-9
Let j(p) = -914*p + 8239. Give j(9).
13
Let q(l) = l**3 - 649*l**2 + 7008*l + 6371. Give q(638).
-9
Let t(u) = u**3 + 115*u**2 - 8255*u - 220. Calculate t(-165).
605
Let g(c) = 18*c**3 + 90*c**2 - 92*c - 408. Give g(-5).
52
Let b(y) = -1490*y + 35740. Determine b(24).
-20
Let a(r) = -11*r**2 - 207*r - 1521. Calculate a(-7).
-611
Let o(t) = 7082*t - 78485. What is o(11)?
-583
Let a(z) = 3*z**3 + z**2 - 10*z + 14. Give a(2).
22
Let l(n) = 3*n**3 + 6*n**2 - 18*n + 45. What is l(-5)?
-90
Let y(c) = -7*c**2 - 618*c - 392. What is y(-91)?
-2121
Let u(o) = -5*o**2 - 1666*o - 46738. Calculate u(-31).
103
Let d(w) = -4858*w + 58129. Determine d(12).
-167
Let t(g) = -g**3 + 4*g**2 + 87*g - 1417. Calculate t(0).
-1417
Let n(o) = 127138*o - 889974. Give n(7).
-8
Let f(o) = 85*o**3 - 5*o**2 - 13*o + 40. What is f(2)?
674
Let c(f) = -1031817*f + 6190900. Calculate c(6).
-2
Let r(b) = -76*b**3 - 12*b**2 + 91*b - 82. Calculate r(1).
-79
Let i(f) = 13202*f + 1082569. Calculate i(-82).
5
Let g(v) = -v**3 - 262*v**2 - 1820*v - 182. Determine g(-7).
63
Let x(i) = 132*i**2 - 1969*i - 83. Give x(15).
82
Let y(n) = -873059*n - 9603658. Give y(-11).
-9
Let m(v) = -22*v**3 - 1562*v**2 - 12*v - 112. Give m(-71).
740
Let p(g) = -244*g**2 + 2938*g - 246. Determine p(12).
-126
Let b(q) = 1672239*q + 1672232. Determine b(-1).
-7
Let u(i) = -73*i**3 + 1636*i**2 - 661*i + 18. What is u(22)?
-4
Let l(f) = -5092*f - 50360. Give l(-10).
560
Let h(o) = -o**2 + 217156*o + 434317. What is h(-2)?
1
Let c(j) = -75206*j + 2406603. Calculate c(32).
11
Let k(i) = 4572*i - 169147. What is k(37)?
17
Let z(t) = -13155*t - 10366147. Calculate z(-788).
-7
Let z(y) = -52*y**3 + 242*y**2 + 2472*y - 2713. Calculate z(1).
-51
Let r(h) = 2*h**3 + 7*h**2 + 152*h - 820. What is r(5)?
365
Let n(l) = -l**3 - 25*l**2 + 98*l - 69. Determine n(4).
-141
Let s(c) = 782*c - 29670. What is s(38)?
46
Let b(u) = 1610*u - 31. Determine b(1).
1579
Let b(u) = -89*u**3 - 295*u**2 - 101*u - 79. What is b(-3)?
-28
Let y(a) = -a**3 - 104*a**2 - 1800*a + 206. What is y(-82)?
-122
Let a(q) = -140*q**3 - 239*q**2 + 217*q + 21. Give a(1).
-141
Let t(y) = -2229824*y - 22298248. Determine t(-10).
-8
Let t(g) = 8*g**2 - 499*g - 1534. Determine t(-3).
35
Let i(s) = -299*s - 26909. Give i(-90).
1
Let x(q) = -25*q**3 + 50*q**2 + 70*q + 25. Give x(3).
10
Let b(h) = -20*h**3 - 8*h**2 + 132*h + 140. What is b(-1)?
20
Let z(y) = 1005*y + 8954. Give z(-9).
-91
Let z(i) = 488*i + 58660. Determine z(-120).
100
Let k(o) = -122*o**2 + 824*o - 551. Determine k(6).
1
Let o(p) = -p**2 + 47701*p - 2906037. Determine o(61).
3
Let p(l) = l**2 + 229*l - 10764. Determine p(40).
-4
Let s(t) = 95*t + 26399. Determine s(-273).
464
Let m(p) = p**2 - 56*p - 2703. Determine m(-34).
357
Let q(h) = 107*h + 2582. What is q(-14)?
1084
Let s(l) = 26*l**2 - 1377*l + 77. Determine s(52).
-1223
Let r(a) = 2*a**3 + 71*a**2 - 7887*a - 167. What is r(-83)?
-1
Let w(f) = -728*f - 4178. Determine w(-6).
190
Let p(j) = 9*j**2 - 1394*j + 1398. Determine p(1).
13
Let l(j) = 6*j**3 + 3*j**2 + 413*j + 1247. Calculate l(-3).
-127
Let m(s) = -3*s**3 + 14*s**2 - 35292*s + 141128. Determine m(4).
-8
Let b(t) = -2*t**3 + 38*t**2 + 140*t + 18. Determine b(-6).
978
Let d(c) = -1564*c + 98585. Determine d(63).
53
Let k(c) = 15833*c + 142195. Calculate k(-9).
-302
Let f(t) = -t**2 - 662*t + 167098. Calculate f(195).
-17
Let h(i) = i**3 + 122*i**2 - 514*i - 233. Calculate h(-126).
1027
Let m(i) = -i**3 - 197*i**2 + 8706*i + 1881731. What is m(-191)?
-1
Let q(v) = 617*v**2 + 9855*v - 306. Give q(-16).
-34
Let b(j) = -381*j - 146756. Calculate b(-386).
310
Let p(n) = n**3 - 36*n**2 - 31*n + 808. Calculate p(37).
1030
Let s(h) = 9*h**3 - 422*h**2 + 368*h - 198. Determine s(46).
-198
Let h(j) = j**3 - 18*j**2 + 113*j + 46. Give h(13).
670
Let g(v) = v**3 - 48*v**2 + 252*v + 2942. Calculate g(40).
222
Let u(m) = -16*m**2 + 9660*m + 2674. Give u(604).
258
Let q(v) = -3*v**3 - 25*v**2 + 759*v + 6146. Calculate q(-8).
10
Let a(n) = 25*n**2 + 387*n + 1068. What is a(-3)?
132
Let h(f) = 45*f**3 - 14*f**2 - 350*f - 660. What is h(-2)?
-376
Let y(x) = -4864*x + 593407. Give y(122).
-1
Let a(h) = 591*h**2 + 98697*h - 2. What is a(-167)?
-2
Let s(y) = -18*y**2 + 1980*y + 26341. Give s(122).
-11
Let s(r) = 9*r**2 + 25*r + 27. What is s(-3)?
33
Let g(o) = 5027*o + 990222. What is g(-197)?
-97
Let h(c) = 25491*c + 76437. What is h(-3)?
-36
Let x(a) = a**3 + 244*a**2 + 1416*a - 1883. What is x(-238)?
973
Let z(t) = -11917*t - 23837. Calculate z(-2).
-3
Let i(w) = w**2 - 53*w + 155. Calculate i(51).
53
Let r(w) = 2*w**2 - 381*w - 6879. What is r(207)?
-48
Let n(b) = -169*b - 25841. What is n(-153)?
16
Let k(f) = -154330*f + 1234641. Determine k(8).
1
Let n(t) = t**3 + 268*t**2 - 2505*t - 3265. Calculate n(-277).
59
Let c(d) = -2*d**3 + 1640*d**2 - 4496*d - 331708. Determine c(817).
-6
Let w(q) = -q**3 + 138*q**2 + 1281*q + 6144. Determine w(147).
-30
Let z(h) = -6292*h - 12401. Determine z(-2).
183
Let b(c) = -2*c**3 + 16*c**2 - 98*c + 632. Determine b(7).
44
Let v(t) = -t**3 + 3*t**2 + 531*t - 345. Give v(-22).
73
Let w(f) = -f**3 - 41*f**2 - 413*f - 16. Give w(-22).
-126
Let l(d) = d**3 + 28*d**2 + 141*d + 4. Calculate l(-12).
616
Let p(w) = -w**3 - 371*w**2 - 33*w - 150661. Determine p(-372).
-1
Let x(g) = g**3 + 242*g**2 + 188*g - 12920. What is x(-241)?
-147
Let n(z) = z**3 - 11*z**2 - 146*z + 39. Give n(16).
-1017
Let n(b) = 20*b**2 + 3114*b - 824. What is n(-156)?
112
Let v(r) = r**3 + 151*r**2 + 5*r + 742. Calculate v(-151).
-13
Let q(p) = 2*p**2 + 1633*p - 19907. Determine q(12).
-23
Let g(q) = -q**3 - 75*q**2 - 274*q - 14780. Calculate g(-74).
20
Let k(n) = n**3 + 247*n**2 + 149*n - 23779. Calculate k(-246).
83
Let d(p) = -50642*p + 4608428. Calculate d(91).
6
Let v(z) = -z**3 - 21*z**2 + 7*z + 86. Give v(0).
86
Let d(t) = -208453*t - 208462. Give d(-1).
-9
Let v(y) = -2*y**2 - 124*y + 3535. What is v(0)?
3535
Let y(n) = 7*n**3 - 75*n**2 + 14*n + 54. Determine y(-3).
-852
Let i(c) = -11*c**3 - 60*c**2 + 51*c + 222. Give i(-6).
132
Let f(v) = 6*v**3 + 987*v**2 + 534*v + 6938. Give f(-164).
50
Let l(s) = 1689226*s - 5067678. Calculate l(3).
0
Let c(l) = l**3 + 10*l**2 - 24*l + 6336. Calculate c(-23).
11
Let x(r) = 405*r**2 - 147415*r - 1800. Give x(364).
20
Let w(o) = 7*o**2 + 167*o - 4. Give w(-5).
-664
Let m(t) = t**3 + 27*t**2 - 314*t + 230. Give m(-36).
-130
Let t(v) = v**3 - 34*v**2 - 59*v - 490. Determine t(36).
-22
Let u(r) = -35468*r - 4894528. Determine u(-138).
56
Let m(h) = -439*h + 89106. Give m(203).
-11
Let a(t) = 2*t**3 + 86*t**2 + 85*t + 100. Give a(-42).
58
Let f(x) = 3*x**3 + 641*x**2 - 221*x + 939. Give f(-214).
2437
Let s(u) = 2*u**2 - 495*u + 27490. Give s(84).
22
Let x(s) = 10846101*s + 10846101. Give x(-1).
0
Let z(t) = -2*t**3 - 143*t**2 - 2257*t - 493. Determine z(-23).
105
Let a(p) = 53*p**2 + 5197*p + 285. Determine a(-98).
-9
Let y(i) = -1463*i - 323347. What is y(-221)?
-24
Let v(i) = 20199*i + 888747. Give v(-44).
-9
Let y(m) = 6*m**3 - 37*m**2 + 231*m - 265. Give y(7).
1597
Let w(j) = 233137*j + 2331360. Give w(-10).
-10
Let g(j) = 54*j**2 - 7050*j - 7049. Calculate g(-1).
55
Let m(s) = -2695*s - 250656. Give m(-93).
-21
Let h(t) = 40301*t - 362709. Give h(9).
0
Let r(z) = -2*z**2 - 104*z + 9867. What is r(49)?
-31
Let w(v) = 1778*v + 42624. Determine w(-24).
-48
Let h(u) = -3156*u + 476321. What is h(151)?
-235
Let p(t) = 448*t + 1114. What is p(-3)?
-230
Let n(a) = a**2 + 352*a - 11